581 a multiple of 13?
True
Does 11 divide 4202?
True
Is 144 a multiple of 6?
True
Does 53 divide 2544?
True
Is 28115 a multiple of 82?
False
Is 33 a factor of 4587?
True
Is 9 a factor of 34?
False
Does 23 divide 171?
False
Is 9807 a multiple of 34?
False
Does 4 divide 419?
False
Is 19 a factor of 494?
True
Is 11 a factor of 633?
False
Is 720 a multiple of 60?
True
Does 78 divide 8548?
False
Does 2 divide 686?
True
Is 68 a factor of 1102?
False
Is 478 a multiple of 24?
False
Is 18323 a multiple of 123?
False
Does 102 divide 2378?
False
Does 14 divide 70?
True
Is 517 a multiple of 47?
True
Is 17 a factor of 408?
True
Does 140 divide 1820?
True
Is 346 a multiple of 4?
False
Is 130 a multiple of 13?
True
Does 25 divide 6725?
True
Is 4275 a multiple of 9?
True
Is 980 even?
True
Is 27 a factor of 2079?
True
Does 22 divide 1452?
True
Is 40770 a multiple of 12?
False
Is 4 a factor of 3540?
True
Does 66 divide 66?
True
Is 157 a factor of 77244?
True
Does 22 divide 55598?
False
Is 48 a factor of 5152?
False
Does 96 divide 8221?
False
Is 148 a factor of 8288?
True
Is 38 a factor of 4370?
True
Is 11 a multiple of 2?
False
Is 3910 a multiple of 17?
True
Is 43 a factor of 22145?
True
Is 47 a factor of 1393?
False
Is 10 a factor of 7001?
False
Is 83 a factor of 9379?
True
Does 73 divide 3796?
True
Is 119 a factor of 476?
True
Is 16 a factor of 3424?
True
Is 34 a factor of 1373?
False
Is 57 a factor of 449?
False
Does 14 divide 1736?
True
Is 10 a factor of 2739?
False
Is 1568 a multiple of 28?
True
Is 9 a factor of 9036?
True
Is 17 a factor of 12478?
True
Is 7704 a multiple of 12?
True
Is 263 a multiple of 9?
False
Does 8 divide 1422?
False
Does 3 divide 354?
True
Is 25 a factor of 342?
False
Is 12 a factor of 6062?
False
Is 31 a factor of 341?
True
Is 33 a factor of 12243?
True
Is 3000 a multiple of 53?
False
Is 340 a multiple of 5?
True
Is 34315 a multiple of 34?
False
Does 147 divide 48336?
False
Is 286 a multiple of 6?
False
Is 14086 a multiple of 33?
False
Is 6956 a multiple of 11?
False
Does 13 divide 12649?
True
Does 19 divide 23313?
True
Is 2 a factor of 441?
False
Is 1181 a multiple of 32?
False
Is 79 a factor of 65460?
False
Does 32 divide 2816?
True
Is 3080 a multiple of 5?
True
Is 429 a multiple of 54?
False
Does 32 divide 640?
True
Is 48 a factor of 2999?
False
Is 25475 a multiple of 59?
False
Is 9 a factor of 15501?
False
Does 5 divide 275?
True
Is 45 a factor of 16045?
False
Does 20 divide 4848?
False
Is 1288 a multiple of 28?
True
Is 84 a factor of 2409?
False
Does 119 divide 9732?
False
Does 20 divide 8959?
False
Is 18775 a multiple of 101?
False
Does 15 divide 285?
True
Is 13604 a multiple of 19?
True
Does 7 divide 596?
False
Does 18 divide 23343?
False
Is 69 a factor of 483?
True
Is 55384 a multiple of 28?
True
Is 18 a factor of 8586?
True
Does 38 divide 571?
False
Is 952 a multiple of 12?
False
Is 185 a factor of 36985?
False
Is 61 a factor of 2318?
True
Is 2385 a multiple of 9?
True
Is 22927 a multiple of 101?
True
Does 3 divide 32202?
True
Is 67 a factor of 1885?
False
Is 1130 a multiple of 5?
True
Does 17 divide 360?
False
Does 361 divide 45486?
True
Is 97 a factor of 885?
False
Is 280 a multiple of 14?
True
Does 61 divide 1096?
False
Is 280 a multiple of 20?
True
Does 17 divide 10387?
True
Is 130 a multiple of 13?
True
Does 44 divide 14212?
True
Does 10 divide 3680?
True
Does 7 divide 7128?
False
Is 18880 a multiple of 20?
True
Is 107 a factor of 7597?
True
Is 13 a factor of 16237?
True
Does 11 divide 99?
True
Is 4 a factor of 108?
True
Is 98 a multiple of 6?
False
Does 4 divide 3309?
False
Does 27 divide 4752?
True
Is 175 a factor of 58975?
True
Is 13 a factor of 1703?
True
Is 1011 a multiple of 27?
False
Does 8 divide 3470?
False
Is 3212 a multiple of 44?
True
Is 24 a factor of 1606?
False
Is 37 a factor of 6673?
False
Is 1589 a multiple of 26?
False
Is 69 a multiple of 2?
False
Does 19 divide 114?
True
Is 8 a factor of 1736?
True
Does 163 divide 2282?
True
Does 61 divide 1634?
False
Does 17 divide 11237?
True
Does 59 divide 12138?
False
Is 3 a factor of 13?
False
Is 6362 a multiple of 55?
False
Is 93 a factor of 15438?
True
Is 9 a factor of 7458?
False
Does 24 divide 2856?
True
Is 5 a factor of 12652?
False
Does 14 divide 31738?
True
Does 114 divide 7237?
False
Is 58 a multiple of 29?
True
Is 56552 a multiple of 42?
False
Is 69132 a multiple of 7?
True
Is 46 a factor of 387?
False
Is 989 a multiple of 4?
False
Is 43 a factor of 140?
False
Is 45655 a multiple of 8?
False
Is 2448 a multiple of 51?
True
Does 42 divide 1432?
False
Is 3654 a multiple of 23?
False
Does 52 divide 21008?
True
Is 44 a factor of 22132?
True
Is 5100 a multiple of 51?
True
Is 4 a factor of 363?
False
Does 121 divide 25762?
False
Is 168473 a multiple of 19?
True
Is 14 a factor of 4806?
False
Is 19 a factor of 6240?
False
Is 5384 a multiple of 8?
True
Is 22 a factor of 1188?
True
Does 21 divide 10794?
True
Is 9275 a multiple of 5?
True
Is 24465 a multiple of 105?
True
Is 11 a factor of 7051?
True
Does 19 divide 104793?
False
Does 18 divide 123858?
True
Is 6061 a multiple of 48?
False
Does 24 divide 840?
True
Is 1029 a multiple of 44?
False
Is 28534 a multiple of 22?
True
Is 160 a factor of 29309?
False
Does 16 divide 15440?
True
Is 1920 a multiple of 3?
True
Is 105689 a multiple of 12?
False
Does 43 divide 7980?
False
Does 70 divide 16241?
False
Is 3 a factor of 27?
True
Is 6 a factor of 6548?
False
Is 56 a factor of 1142?
False
Is 22 a factor of 6223?
False
Is 31 a factor of 605?
False
Is 37 a factor of 1073?
True
Is 4 a factor of 1008?
True
Does 163 divide 46643?
False
Is 3 a factor of 44?
False
Is 19018 a multiple of 219?
False
Is 152 a factor of 3854?
False
Is 12607 a multiple of 25?
False
Is 2656 a multiple of 4?
True
Is 17 a factor of 2516?
True
Does 72 divide 91726?
False
Does 9 divide 1043?
False
Is 13 a factor of 109291?
True
Is 27948 a multiple of 274?
True
Is 36 a factor of 756?
True
Is 3630 a multiple of 10?
True
Is 6375 a multiple of 51?
True
Is 12 a factor of 735?
False
Does 34 divide 340?
True
Does 23 divide 368?
True
Is 27 a factor of 1512?
True
Is 106 a multiple of 6?
False
Is 928 even?
True
Is 7087 a multiple of 42?
False
Does 24 divide 747?
False
Does 6 divide 144?
True
Is 81 a factor of 652?
False
Does 21 divide 49927?
False
Is 17136 a multiple of 18?
True
Is 1682 a multiple of 69?
False
Is 24444 a multiple of 14?
True
Does 11 divide 1320?
True
Is 84 a factor of 2856?
True
Is 13 a factor of 182?
True
Is 12 a factor of 66960?
True
Is 99462 a multiple of 22?
True
Does 7 divide 14230?
False
Is 2055 a multiple of 97?
False
Is 16 a factor of 2407?
False
Is 12 a factor of 8064?
True
Does 20 divide 300?
True
Does 7 divide 77?
True
Does 4 divide 1676?
True
Is 18682 a multiple of 24?
False
Is 141 a factor of 15369?
True
Does 82 divide 2770?
False
Is 121 a factor of 45797?
False
Is 66 a factor of 11573?
False
Does 97 divide 2813?
True
Is 21 a factor of 8841?
True
Does 68 divide 2941?
False
Is 34 a factor of 11662?
True
Does 25 divide 4250?
True
Is 218 a multiple of 11?
False
Does 11 divide 1078?
True
Is 76 a factor of 20064?
True
Is 33 a factor of 33363?
True
Does 10 divide 9420?
True
Is 94656 a multiple of 32?
True
Is 7 a factor of 1669?
False
Does 21 divide 378?
True
Does 17 divide 306?
True
Is 83 a factor of 35275?
True
Does 11 divide 97?
False
Is 12381 a multiple of 36?
False
Does 105 divide 5766?
False
Is 6 a factor of 134?
False
Is 24015 a multiple of 171?
False
Is 33 a factor of 6171?
True
Does 20 divide 48840?
True
Is 5025 a multiple of 15?
True
Is 3728 a multiple of 13?
False
Does 148 divide 21164?
True
Does 8 divide 14512?
True
Is 26656 a multiple of 17?
True
Is 7 a factor of 1402?
False
Is 37860 a multiple of 92?
False
Is 143 a multiple of 11?
True
Is 276 even?
True
Is 28343 a multiple of 47?
False
Does 30 divide 11970?
True
Does 35 divide 525?
True
Is 944 even?
True
Is 26 a factor of 572?
True
Does 17 divide 9610?
False
Does 12 divide 1283?
False
Does 10 divide 1993?
False
Does 77 divide 1386?
True
Is 3730 a multiple of 13?
False
Does 31 divide 186?
True
Is 87 a factor of 34104?
True
Does 130 divide 71738?
False
Does 37 divide 629?
True
Is 50 a factor of 1021?
False
Is 60840 a multiple of 138?
False
Is 10 a factor of 3910?
True
Is 21 a 